89410592?
2, 7, 17, 2071799
What are the prime factors of 223545576?
2, 3, 9314399
What are the prime factors of 195880761?
3, 29, 83389
What are the prime factors of 48794028?
2, 3, 467, 8707
List the prime factors of 3409041.
3, 1063, 1069
List the prime factors of 400149893.
11, 13, 17, 241, 683
List the prime factors of 20363858.
2, 17, 19, 29, 1087
What are the prime factors of 394415560?
2, 5, 7, 11, 37, 3461
List the prime factors of 829729500.
2, 3, 5, 553153
What are the prime factors of 4494956974?
2, 127, 1289, 13729
List the prime factors of 448862966.
2, 224431483
List the prime factors of 353786302.
2, 59, 823, 3643
List the prime factors of 733909267.
7, 13, 1009, 7993
List the prime factors of 83149858.
2, 11, 3779539
List the prime factors of 201319674.
2, 3, 421, 79699
List the prime factors of 15463152.
2, 3, 73, 1471
List the prime factors of 7686101868.
2, 3, 313, 2046353
List the prime factors of 1468471876.
2, 89, 4124921
List the prime factors of 178822811.
178822811
List the prime factors of 386170979.
367, 1052237
What are the prime factors of 4059713706?
2, 3, 3257, 207743
What are the prime factors of 1166475693?
3, 388825231
List the prime factors of 36755460.
2, 3, 5, 7, 31, 941
What are the prime factors of 656578942?
2, 173, 1897627
What are the prime factors of 498352867?
498352867
What are the prime factors of 25426913?
31, 820223
What are the prime factors of 2856146363?
7, 408020909
List the prime factors of 31975308.
2, 3, 888203
List the prime factors of 830749878.
2, 3, 7, 53, 41467
List the prime factors of 29475139.
61, 137, 3527
What are the prime factors of 2817907358?
2, 7, 5521, 36457
List the prime factors of 89239743.
3, 79, 313, 401
List the prime factors of 970817201.
970817201
List the prime factors of 1011112685.
5, 11, 41, 448387
What are the prime factors of 149855920?
2, 5, 37, 50627
What are the prime factors of 5718592013?
19, 300978527
What are the prime factors of 75634952?
2, 9454369
List the prime factors of 2527742599.
2527742599
List the prime factors of 961643467.
31, 61, 149, 3413
List the prime factors of 766914825.
3, 5, 103, 99277
What are the prime factors of 419860883?
13, 17, 23, 82601
What are the prime factors of 153789104?
2, 7, 379, 3623
List the prime factors of 697566410.
2, 5, 337, 206993
List the prime factors of 44307834.
2, 3, 71, 104009
List the prime factors of 829518518.
2, 1283, 323273
List the prime factors of 3291202.
2, 1645601
What are the prime factors of 12331519?
23, 23311
What are the prime factors of 4420017562?
2, 2210008781
List the prime factors of 1023983723.
7, 31, 674117
What are the prime factors of 43470663?
3, 14490221
What are the prime factors of 5623759670?
2, 5, 23, 41, 596369
What are the prime factors of 4568169425?
5, 1493, 122389
What are the prime factors of 211037748?
2, 3, 17586479
What are the prime factors of 5116164812?
2, 11, 431, 269783
What are the prime factors of 37569018?
2, 3, 2339, 2677
What are the prime factors of 4997482517?
113, 44225509
What are the prime factors of 1740517167?
3, 580172389
What are the prime factors of 95410290?
2, 3, 5, 17, 29, 6451
List the prime factors of 342864351.
3, 38096039
What are the prime factors of 135334465?
5, 7, 149, 25951
List the prime factors of 2073291757.
89, 409, 56957
List the prime factors of 211725323.
1277, 165799
What are the prime factors of 571030758?
2, 3, 227, 139753
List the prime factors of 314365634.
2, 11, 383, 37309
List the prime factors of 11598316.
2, 37, 78367
List the prime factors of 3008219195.
5, 601643839
List the prime factors of 13647737.
2851, 4787
List the prime factors of 6088577.
11, 553507
What are the prime factors of 2075224090?
2, 5, 207522409
List the prime factors of 2339816905.
5, 41, 619, 18439
What are the prime factors of 83329301?
11, 109, 69499
What are the prime factors of 1949948086?
2, 1847, 527869
List the prime factors of 2530733003.
16249, 155747
What are the prime factors of 10001102?
2, 5000551
What are the prime factors of 478695618?
2, 3, 457, 58193
List the prime factors of 461602410.
2, 3, 5, 23, 668989
List the prime factors of 170807305.
5, 367, 93083
What are the prime factors of 43424999?
73, 359, 1657
What are the prime factors of 583989757?
13, 19, 23, 102797
What are the prime factors of 79312448?
2, 29, 151, 283
List the prime factors of 757738916.
2, 11, 17221339
What are the prime factors of 111815016?
2, 3, 31, 137, 1097
What are the prime factors of 350611528?
2, 449, 97609
What are the prime factors of 77709198?
2, 3, 7, 101, 2617
List the prime factors of 701384462.
2, 350692231
What are the prime factors of 112976257?
29, 3895733
What are the prime factors of 226417596?
2, 3, 18868133
What are the prime factors of 173010457?
43, 61, 71, 929
What are the prime factors of 60716273?
131, 463483
What are the prime factors of 1425035120?
2, 5, 881, 20219
List the prime factors of 56639337.
3, 283, 66713
List the prime factors of 4701944764.
2, 11, 106862381
List the prime factors of 779948132.
2, 5527, 35279
What are the prime factors of 1358560276?
2, 709, 479041
List the prime factors of 1276013870.
2, 5, 199, 641213
List the prime factors of 3810251802.
2, 3, 7, 89, 1019329
List the prime factors of 731681821.
13, 103, 181, 3019
What are the prime factors of 58903655?
5, 11780731
What are the prime factors of 131384801?
6763, 19427
List the prime factors of 206277096.
2, 3, 97, 88607
List the prime factors of 43693999.
2053, 21283
List the prime factors of 56298587.
191, 294757
List the prime factors of 169029691.
17, 23, 432301
List the prime factors of 15381304.
2, 1922663
What are the prime factors of 234783629?
234783629
What are the prime factors of 107535948?
2, 3, 13, 17, 23, 41, 43
List the prime factors of 280931109.
3, 97, 965399
What are the prime factors of 166696089?
3, 7, 29, 39103
List the prime factors of 2967099351.
3, 989033117
List the prime factors of 98489583.
3, 10943287
List the prime factors of 43388966.
2, 2969, 7307
What are the prime factors of 58153595?
5, 3307, 3517
List the prime factors of 1216431358.
2, 608215679
List the prime factors of 103234990.
2, 5, 53, 109, 1787
What are the prime factors of 426445882?
2, 213222941
What are the prime factors of 347750192?
2, 41, 641, 827
What are the prime factors of 80887418?
2, 40443709
What are the prime factors of 2498304740?
2, 5, 47, 2657771
What are the prime factors of 190540947?
3, 17, 23, 162439
What are the prime factors of 6250846369?
743, 8412983
What are the prime factors of 32484104?
2, 337, 12049
What are the prime factors of 25142392?
2, 11, 285709
What are the prime factors of 2285274214?
2, 16451, 69457
List the prime factors of 122634331.
122634331
What are the prime factors of 587212406?
2, 11, 241, 110753
What are the prime factors of 137937591?
3, 11, 37, 37657
List the prime factors of 819571317.
3, 273190439
What are the prime factors of 72453184?
2, 17, 66593
What are the prime factors of 2821094778?
2, 3, 149, 1237, 2551
List the prime factors of 4205138424.
2, 3, 175214101
What are the prime factors of 689140625?
5, 8821
What are the prime factors of 5415651184?
2, 338478199
What are the prime factors of 166045850?
2, 5, 191, 17387
What are the prime factors of 33322064?
2, 743, 2803
List the prime factors of 96026160.
2, 3, 5, 400109
List the prime factors of 57472329.
3, 19157443
What are the prime factors of 279892507?
137, 2043011
What are the prime factors of 362326714?
2, 599, 302443
List the prime factors of 494441292.
2, 3, 83, 496427
List the prime factors of 5634832084.
2, 7, 201244003
What are the prime factors of 6437678391?
3, 79477511
What are the prime factors of 111086849?
23, 29, 5743
What are the prime factors of 460502803?
23, 29, 103, 6703
List the prime factors of 43276947.
3, 7, 83, 3547
List the prime factors of 141111798.
2, 3, 17, 1383449
What are the prime factors of 318925725?
3, 5, 137, 31039
List the prime factors of 32616134.
2, 16308067
List the prime factors of 10480404.
2, 3, 11, 79397
List the prime factors of 2839758821.
347, 8183743
What are the prime factors of 1437508824?
2, 3, 53, 1130117
What are the prime factors of 883549918?
2, 41, 761, 14159
List the prime factors o